**2 + 381*b - 5. What is the units digit of a(14)?
7
Suppose 3*r - 8 = 4. Suppose -r*s = d - 5*d - 1400, -s + 4*d + 362 = 0. Suppose -5*g + s = 86. What is the tens digit of g?
5
Suppose -4*v + 70 = i, 3*i + 4*v - 40 = 146. Suppose 27*j - 72 = -9*j. Suppose j*w = 4*d + i, 0 = 3*w - w - 3*d - 63. What is the units digit of w?
9
Let h = -1663 - -2776. Let n = -538 + h. What is the tens digit of n?
7
Let t(d) = 13*d**3 - 2*d**2 - 26*d + 128. What is the hundreds digit of t(6)?
7
Suppose -31994 = -5*y - 71*h + 69*h, 0 = 2*h + 6. What is the units digit of y?
0
Let k(x) be the third derivative of -x**5/60 - x**4 + 25*x**3/6 + 2*x**2 - 133. Suppose -u - 11 = -0. What is the hundreds digit of k(u)?
1
Let c(p) = 2*p**2 + 4*p - 10. Let b be c(6). Let g = -83 + b. Suppose 0*w = 5*w + 4*l - 785, -g*w + 5*l = -508. What is the hundreds digit of w?
1
Let a be (-1 - (-26)/8)*-4. Let u(c) = 8*c**2 - 416. Let z(s) = 9*s**2 - s - 499. Let v(d) = 6*u(d) - 5*z(d). What is the units digit of v(a)?
7
Let w(g) = -g**3 + 4*g**2 + 7*g - 4. Let s be w(5). Suppose -480*z = -464*z + 32. What is the units digit of 1/(-3)*z - (-416)/s?
0
Let i = -1199 + 1157. Let o be 1/3 - (-380)/(-6). Let h = i - o. What is the units digit of h?
1
Suppose 2*x - 23 + 24 = o, -5*x - 4*o + 30 = 0. Suppose -9*i - 5*p = -10*i + 201, 0 = x*i + 3*p - 402. What is the tens digit of i?
0
Let h be (-40)/(-60) - 211/(-3). Suppose 66*x = h*x - 15. What is the units digit of (-3)/((-6)/326) - (-12)/x?
7
Let v = 516 - 344. Let c = 4 + 0. Suppose 5*m - v = x, -m + c*x - 3*x + 32 = 0. What is the units digit of m?
5
Let d(j) = -j**3 - 112*j**2 + 80*j + 343. What is the units digit of d(-114)?
5
What is the thousands digit of ((-236446)/63)/((-53)/477)?
3
What is the tens digit of ((-24)/(-18))/(((-1)/7716)/(-1))?
8
Suppose 686932 = 174*o + 222466 - 659226. What is the tens digit of o?
5
Suppose 6734 + 6048 = s + 10*s. What is the tens digit of s?
6
Let d(y) = 2396*y - 7042. What is the hundreds digit of d(4)?
5
What is the ten thousands digit of 238720/15 - 40/60?
1
Suppose 1317 = 3*n - 1881. Let c = n - 730. What is the tens digit of c?
3
Let d = -10123 + 14926. What is the units digit of d?
3
Let w = 735 - 730. Suppose 0 = -5*b - i + 1412, -6*b + 298 = -5*b - w*i. What is the tens digit of b?
8
Let v(u) = -2*u**3 - 24*u**2 - 6*u + 55. Let s(h) = h**3 + 12*h**2 + 3*h - 28. Let p(c) = -5*s(c) - 3*v(c). What is the tens digit of p(-11)?
6
Let i = -114 + 240. Let n = 259 - i. What is the tens digit of n?
3
Let w(f) = 33*f**3 + 2*f - 1. Let v(b) = b - 17. Let r(t) = -2*t + 18. Let z(k) = -2*r(k) - 3*v(k). Let a be z(-14). What is the units digit of w(a)?
4
Let q(i) = 2*i**2 - i. Let k be q(3). Suppose 27 = k*p + 102. What is the tens digit of 76 - (p - -4 - -2)?
7
Let s(c) = -22697*c - 306. What is the units digit of s(-1)?
1
Let j(c) = 91*c**3 + 15*c**2 - 35*c + 51. What is the thousands digit of j(7)?
1
Suppose 5*p - 2*m = -15, -4*m + 16 = p - 3. Let i be 4 + 2 - p - 5. Suppose -5*x + i*k = -130, -42 = -x - 5*k + 11. What is the units digit of x?
8
Suppose -3*b + a + 80729 = 0, -5*b - 3*a + 40608 = -93959. What is the tens digit of b?
1
What is the ten thousands digit of ((-229159)/(-76) - -5)/(2/40)?
6
Suppose -2*n = 4*i - 2196, 2*i = 1405*n - 1410*n + 5530. What is the tens digit of n?
0
Let u be 148/32 - 3/(-8). Let j be ((-8)/5)/((-1)/u). Suppose 10*y - 262 = j*y. What is the hundreds digit of y?
1
Let g be (-29)/(-9) + -3 - 1159/(-9). Suppose p - 252 + g = 0. What is the units digit of p?
3
Suppose 0 = -2*a + 5*v + 87393, 18*v = 20*v + 2. What is the units digit of a?
4
Let t(s) = -s**3 - 9*s**2 - 10*s - 11. Let q be t(-8). Suppose -5*p = 2*m - 2*p - 591, -4*m = -q*p - 1149. What is the tens digit of (-3)/(-2 - m/(-150))?
5
Suppose -12*p + 8*p + 52 = 0. Suppose 3*w = p*w - 3360. Suppose 15*l = l + w. What is the tens digit of l?
2
Let i = 60 - 70. What is the units digit of 102/(-30) - -3 - 2444/i?
4
Let n(m) = 99*m - 194. What is the hundreds digit of n(47)?
4
Let x(o) = 88*o - 130. Let d be x(10). Let l = 1128 - d. What is the units digit of l?
8
Suppose 2*f = -2*w - 366, -7*w - 173 = f - 4*w. Let a(x) = -110*x - 7. Let h be a(3). Let c = f - h. What is the hundreds digit of c?
1
Let p(a) = -a**3 - 17*a**2 - 17*a - 31. Let y be p(-16). Let w(x) = -24*x + 178. What is the units digit of w(y)?
8
Suppose -15 = 5*t, -5*r - 3*t + 17 = -44. Suppose -r = -7*b - 0. Suppose j - 88 - b = 4*c, 4*j = c + 345. What is the units digit of j?
6
Let n(d) = 3*d - 41. Let k be n(15). Let o be 3 + 0/(k - 1 - 1). Suppose -o*g - 6 = 0, -334 = -4*c + 6*g - g. What is the tens digit of c?
8
Suppose -4*z = 4*f - 0*z - 56, -88 = -5*f + 4*z. Suppose -180 = 11*c - f*c. What is the units digit of c?
6
Let d be 59*(-3)/(-2 + -1). Let v = 158 - d. Suppose -284 + v = -5*z. What is the tens digit of z?
3
Let t(u) be the first derivative of -11*u**4/4 + u**3/3 - 5*u**2 - u + 72. What is the hundreds digit of t(-4)?
7
Let k be (-34)/(-119) + (-26)/(-7). Suppose -k*u - 132 = -15*u. What is the tens digit of u?
1
Suppose -42*j + 258515 + 442920 = -7273. What is the hundreds digit of j?
8
Suppose -5*k = -2*l - k + 730, 393 = l + 5*k. Suppose -2*r + 25 = -4*v + l, r = v - 88. Suppose -240 = -g - v. What is the tens digit of g?
5
Suppose 3*w - 7999 = -355. Let m = -1739 + w. Suppose m = 14*c + 193. What is the tens digit of c?
4
Let s(x) be the third derivative of -2*x**4/3 - 7*x**3/3 + 2*x**2. Suppose 8 = 5*c + 38. What is the tens digit of s(c)?
8
Let t(o) = -5*o + 6. Let i be t(8). Let z = -32 - i. Suppose 2*l - 3*l - 43 = -4*h, -2*l = -z*h + 26. What is the units digit of h?
0
Suppose 5290 + 8160 = 25*i. Suppose 2790 = 13*x - i. What is the units digit of x?
6
Suppose -14*c + 24*c = 2500. Let q = c - 134. What is the units digit of q?
6
Suppose -2*a + 51 = -5*a. Suppose -h - 12*g + 69 = -8*g, 211 = 4*h + 3*g. Let j = h - a. What is the units digit of j?
6
Let b = -112 + 115. Suppose 4*l + 2*t - 1524 = 0, 0 = -3*l + 5*t - b*t + 1157. What is the tens digit of l?
8
Suppose -4*a + 2*s = -144 + 688, 0 = s - 4. Let q = 195 - a. What is the hundreds digit of q?
3
Let q(m) = -22*m**2 + m - 1. Let r be q(1). Let s be (-4)/r + (-13498)/187. Let w = 128 + s. What is the tens digit of w?
5
Suppose 68*v - 69*v = -3*p + 36108, 2*v = 4*p - 48148. What is the ten thousands digit of p?
1
Let z be -112*5/(-10) + -5. Let p = 229 + z. What is the tens digit of p?
8
Let o = -798 + 27554. What is the hundreds digit of o?
7
Let h be (-12)/54 + (-4)/(-18). Suppose h = 2*u, -5*j - 9*u = -4*u - 4175. What is the hundreds digit of j?
8
Let y(x) = 49*x**2 + 16*x + 4. Let t be y(6). Suppose 2*w - t = k, w - 4*k = -0*w + 946. What is the tens digit of 8/(144/w) + 2/(-3)?
5
What is the tens digit of -2 + 36042 - (1334/29 + -34)?
2
What is the tens digit of ((-4320)/(-112))/((-5)/(-2520))?
4
Suppose -s - 4*p + 653841 = 91441, -2*p = -5*s + 2812044. Let k be (-7)/(-9) + -1 - s/(-396). Suppose -11*n + n = -k. What is the tens digit of n?
4
Let d(b) = -3015*b + 35. What is the tens digit of d(-7)?
4
Let u(a) = 140*a + 5. Let v be u(2). Suppose -3*d + q = -5*d - v, 5*d = 4*q - 693. What is the tens digit of d/(-3) - (3 - 4)?
4
Suppose -4*z + 16 = 0, -4*z = -27*p + 31*p - 69136. What is the thousands digit of p?
7
Suppose 8*l = 105391 - 37935. Suppose -4*a = 12*a - l. What is the tens digit of a?
2
Let j(y) = 2*y**2 - 10*y - 7. Let v be 14 + 1/5 + 126/45. What is the units digit of j(v)?
1
Let h be (-3)/(((-2)/4)/((-2415)/45)). Let s = h - -875. What is the hundreds digit of s?
5
Let w(c) = 254*c - 408*c + 4 - 2. Let n be w(2). Let x = 428 + n. What is the units digit of x?
2
Let d = 60188 - 39325. What is the thousands digit of d?
0
Let v = 101 + 537. Suppose v + 889 = 3*n. What is the tens digit of n?
0
What is the hundreds digit of (-3 + -6)/(63/(-59136))?
4
Let p = -32 + 48. Suppose -1915 = -3*s + p*o - 18*o, -o - 635 = -s. What is the tens digit of s?
3
Suppose -51180 = 1080*a - 1092*a. What is the thousands digit of a?
4
Let l = 15 + -35. What is the units digit of ((-48)/15)/(l/4150)?
4
Let r(b) = 3*b**3 - 4*b**2 - 5*b - 13. Let m be r(-5). What is the tens digit of (-2)/4*m + (-27)/54?
3
Suppose 4*h + 2*k + 15 + 5 = 0, 3*k = -3*h - 18. Let s(p) = -p - 4.